(w) = -w + 20. Let t be d(4). What is the highest common factor of t and 2?
2
Suppose -2*j = -4*j + 252. Suppose 0 = 2*f + 2 + 2, 5*k = 2*f + 14. Let p be 1 - (-19 + 4/k). What is the highest common factor of p and j?
18
Suppose 2*u - 6 = 6. Suppose 2*o = u*o + 3*j - 44, -3*j = -3*o + 33. What is the greatest common factor of 1 and o?
1
Suppose 2*c + 28 = 3*c. Let o = -27 + 69. What is the greatest common divisor of c and o?
14
Let n be (-2)/(-4) + (-161)/(-2). Suppose -2*s + s = -n. Let i = 22 - 13. What is the highest common factor of s and i?
9
Let u(x) = -26*x - 2. Let m be u(-2). Let s = 14 + -20. Let t be s/(-15) + 192/20. Calculate the highest common divisor of m and t.
10
Let n be 20/6*(-630)/(-25). What is the greatest common divisor of n and 28?
28
Suppose 2*a = 179 - 43. Suppose -2*n = -a - 28. What is the highest common factor of 6 and n?
6
Suppose -4*v = -v - 84. What is the greatest common divisor of v and 42?
14
Suppose -4*r + 38 = q, 51 = 2*q + r + 2*r. Suppose 3*f = 2*i + 596, i - 397 = -3*f + 196. Calculate the highest common factor of f and q.
18
Let b(j) = j**3 + 4*j**2 + j - 4. Let x be b(-3). Let v = x - -2. Suppose -5*l - 162 = -p - p, -v*l = 0. What is the highest common factor of p and 9?
9
Suppose -9 + 3 = -2*c. Suppose -k - v = -52, 0 = -2*k - c*v - v + 112. Let h be ((-9)/2)/((-9)/12). What is the highest common divisor of k and h?
6
Suppose -b + 1 = -4. Calculate the highest common factor of 5 and b.
5
Suppose i - 78 = -9. Let m = -48 + i. Calculate the highest common divisor of 21 and m.
21
Let s be -1 - ((1 - 1) + -13). Suppose 25 = 2*l + 5*i, 0*l + 5*i = 3*l - 100. Let g = l - -23. What is the highest common factor of g and s?
12
Let d be 2/(-4) - (6 - 294/12). What is the greatest common factor of d and 27?
9
Let m(f) = 3*f**3 - 10*f**2 + 6*f - 3. Let l be m(4). What is the greatest common divisor of 53 and l?
53
Suppose b = -3*r + 215, 211 = 3*r + b + 4*b. Suppose 0*q - r = -4*q. Calculate the greatest common divisor of q and 45.
9
Let g be 50/(-15)*(-24)/5. Let y(j) = -j**3 + 6*j**2 + 6*j + 6. Let b be y(7). Let t be 1058/6 - b/(-3). What is the greatest common divisor of g and t?
16
Let i(w) = 3*w**2 + 3*w - 2. Let l be i(5). What is the greatest common divisor of l and 11?
11
Let j be (-32)/(-18) - 8/(-36). Suppose c - j*h + 7 = 23, 5*c - 15 = -3*h. Calculate the highest common divisor of c and 48.
6
Let n(h) = -28*h**3 - h - 1. Let c be n(-1). Let b = c + -10. Suppose 3*u + 187 = 3*a - 2*u, 4*a = -u + 211. Calculate the greatest common divisor of a and b.
18
Suppose 0 = -u + 4*u + 18. Let x(i) = -i**2 - 12*i + 8. Let l be x(u). What is the greatest common divisor of 11 and l?
11
Let o(u) = 7*u**3 + 4*u**2 - 2*u**2 + 2*u + 4 - 3*u**3. Let i be o(3). What is the highest common factor of 17 and i?
17
Suppose 4*p = p + 3. Let u be -4 + p - (-3 + -3). What is the greatest common factor of u and 33?
3
Let g be ((-14)/(-8))/((-1)/4). Let a = -3 - g. What is the highest common factor of a and 4?
4
Let x(n) = n**2 - 4*n + 9. Let l be x(4). Let p = -17 - -35. What is the highest common divisor of p and l?
9
Let h(g) = -8*g - 4. Let b be h(-3). Calculate the greatest common divisor of 10 and b.
10
Let q = -51 + 87. Calculate the greatest common divisor of q and 18.
18
Let m be 9/((-4 - 0)/(-8)). What is the greatest common factor of m and 162?
18
Let h(l) = -l + 72. Let a be h(-19). Calculate the greatest common factor of 26 and a.
13
Let h be -2 + 6 + -3 + 18. What is the greatest common divisor of 304 and h?
19
Let q be (-2)/(3 - 4) + 130 + 0. Calculate the highest common factor of 12 and q.
12
Suppose 0 = -h - 3*p + 36, -4*p + 12 = -0. Let g(b) = b + 3. Let d be g(0). What is the greatest common divisor of d and h?
3
Let w be (-2)/(-4)*44*2/4. Let x be (1/(-2))/(2/(-4)). What is the greatest common divisor of x and w?
1
Let x = -35 - -38. What is the greatest common divisor of 3 and x?
3
Let y be 1 - ((-1 - 2) + 2). Let w = y - 1. Let q = w - -3. What is the greatest common divisor of q and 16?
4
Let m be -15*(1 + 0 - 2). Let h be (16/20)/(3/m). What is the greatest common factor of h and 36?
4
Let n = -8 - -16. Suppose -54 = -10*c + n*c. Let o = 50 - 23. What is the highest common divisor of o and c?
27
Let z(g) = 27*g - 5. Let m be z(5). What is the greatest common factor of 52 and m?
26
Suppose -4*i + 13 = -27. Calculate the highest common divisor of 80 and i.
10
Let h(p) = p**3 - 6*p**2 + 4*p + 13. Let a be h(7). What is the highest common divisor of a and 18?
18
Let d(w) = -w**2 + 2*w + 2. Let o be d(0). Let k be (-8)/(3/5 + -1). Suppose k = o*v - 0. What is the highest common divisor of v and 15?
5
Let h be 28/21*(-99)/(-6). What is the highest common divisor of h and 11?
11
Let m = -52 - -56. Calculate the greatest common factor of m and 2.
2
Let x be ((-9)/(-3) - -12) + 1*2. What is the greatest common divisor of x and 17?
17
Let h be (0 + -2)/2 + 14. Calculate the highest common factor of 65 and h.
13
Let r be ((-25)/(-2) - -2)*2. Let u = r - 9. Suppose -p = -6 + 1. What is the highest common factor of u and p?
5
Let j be (-100)/3*(-84)/70. What is the greatest common factor of j and 10?
10
Suppose -3*b - 3*r - 2 = -4*b, 8 = 4*b + 5*r. Suppose b*z - 90 = -z. Calculate the greatest common divisor of 3 and z.
3
Let v(j) = -2*j - 1. Let a be v(-7). Calculate the greatest common divisor of 26 and a.
13
Let u = 18 + -13. Suppose -u*b + 20 = -3*b. What is the highest common factor of 20 and b?
10
Let x(u) = u**2 - 4*u - 3. Let q be x(-3). Let m = q - 11. Suppose 328 - 251 = k. What is the greatest common factor of m and k?
7
Let s be 3 - (-52)/(-4)*-1. Suppose 4*n + 119 = 3*l - 59, -4*n = s. What is the highest common divisor of l and 6?
6
Let j(o) = o**3 - 2*o**2 - 8*o + 10. Let m be j(4). What is the greatest common divisor of 2 and m?
2
Let s be (-5*1)/(-1 - 0). Suppose -4*w - 2*k + 8 = 0, -3*w - k + s = -0*w. Let a = 3 - w. What is the greatest common factor of a and 2?
2
Let v = 17 - 7. Let q = 14 - v. Let k be 2 - -4 - (q + -1). Calculate the highest common divisor of k and 1.
1
Let w(a) = -a**3 + 8*a**2 + 20*a + 16. Let b be w(10). What is the highest common divisor of b and 32?
16
Suppose -b + 2*b = -4*v + 21, 0 = -3*v + 4*b + 30. Let u be 0/(-4*1/(-2)). Suppose u*h + 6 = h. What is the greatest common divisor of h and v?
6
Let w(m) = -7*m + 1. Let h be w(-1). Suppose 10 - 290 = -5*y. What is the greatest common factor of y and h?
8
Let g(m) = m**2 + 5*m + 7. Let s be g(-3). Calculate the highest common factor of 1 and s.
1
Let s be 3/(-6)*0/(-2). Suppose -4*n + 8 = -5*t, 0 = -s*n + 5*n - 5*t - 10. Let r = n - -10. Calculate the highest common factor of 24 and r.
12
Let q = -1610 - -5527. Suppose -5*r - 1477 = -q. Suppose -3*j - 4*c = j - r, 4*c - 125 = -j. Calculate the highest common divisor of j and 11.
11
Let p(l) = -l**3 - 27*l**2 - 28*l - 42. Let t be p(-26). What is the greatest common divisor of t and 10?
10
Let c = -100 - -113. Let j(y) = -y + 14*y**3 + 2 - y**2 + 0*y**2 - 7*y**3. Let u be j(2). Calculate the greatest common factor of u and c.
13
Suppose -3*u = -8*u - 5, 5*u - 39 = -x. What is the greatest common factor of 77 and x?
11
Let v = -31 + 22. Let b(n) = n**2 + 9*n - 7. Let i be b(v). Let m = i + 9. Calculate the highest common factor of m and 18.
2
Suppose -3*a - 3*h = -15, 2*h = a - 2*h - 5. What is the greatest common divisor of a and 5?
5
Let t be 35/(-4) - (-5)/(-20). Let j(d) = d**3 + 11*d**2 + 10*d. Let f be j(t). Calculate the highest common divisor of 8 and f.
8
Suppose 5*l - 22 = -u - 3*u, 0 = 3*l - 6. Suppose 2 = -q, 5*f = -u*q + 326 - 842. Let x be 12/(-2 + (-213)/f). What is the highest common divisor of 17 and x?
17
Suppose t + b - 5*b = -6, -2*b + 8 = 0. Calculate the greatest common factor of 70 and t.
10
Suppose -5*j + 4*j = -5*h + 28, -4*h - 64 = 4*j. Let s = j + 26. Calculate the highest common divisor of s and 88.
8
Suppose z - 3*a = 3*z + 11, -4*a = -3*z - 25. Let c = z - -14. Let h = -2 + c. Calculate the highest common divisor of h and 50.
5
Suppose 97 + 78 = 5*a. Let r be 309/45 - (-2)/15. Calculate the highest common divisor of r and a.
7
Suppose 0 = 2*h + h. Let a(w) = w + 8. Let g be a(h). What is the greatest common factor of 1 and g?
1
Let q be 4/4*(4